{"id":6973,"date":"2023-01-07T11:13:16","date_gmt":"2023-01-07T11:13:16","guid":{"rendered":"http:\/\/neuromarketinglab.eu\/?page_id=6973"},"modified":"2023-01-07T11:13:16","modified_gmt":"2023-01-07T11:13:16","slug":"priestorove-vybavenie","status":"publish","type":"page","link":"https:\/\/neuromarketinglab.eu\/?page_id=6973&lang=sk","title":{"rendered":"Priestorov\u00e9 vybavenie"},"content":{"rendered":"<p>[vc_row][vc_column][vc_column_text]Laborat\u00f3rium je vybaven\u00e9 integrovan\u00fdm syst\u00e9mom na presn\u00e9 riadenie a nastavenie faktorov prostredia, ako je osvetlenie, zvuk, aromatiz\u00e1cia a kvalita vzduchu, ktor\u00fd obsahuje:<\/p>\n<ul>\n<li>40 kontroln\u00fdch svetiel,<\/li>\n<li>25 senzorov,<\/li>\n<li>13 kamier,<\/li>\n<li>10 vzduchov\u00fdch ventilov,<\/li>\n<li>6 vzduchov\u00fdch motorov,<\/li>\n<li>6 reproduktorov,<\/li>\n<li>5 mikrof\u00f3nov,<\/li>\n<li>3 posuvn\u00e9 rampy,<\/li>\n<li>syst\u00e9m mie\u0161ania ar\u00f3my.<\/li>\n<\/ul>\n<p>[\/vc_column_text][\/vc_column][\/vc_row][vc_row][vc_column]<div class=\"grve-element grve-gallery grve-isotope grve-gallery-popup grve-with-gap\" style=\"\" data-columns=\"4\" data-columns-tablet-landscape=\"2\" data-columns-tablet-portrait=\"2\" data-columns-mobile=\"1\" data-layout=\"fitRows\" data-gutter-size=\"40\">  <div class=\"grve-isotope-container\"><div class=\"grve-isotope-item grve-gallery-item \">  <a href=\"https:\/\/neuromarketinglab.eu\/wp-content\/uploads\/2023\/01\/IMG_4485-1920x1280.jpg\"><div class=\"grve-isotope-item-inner grve-zoomIn\">    <figure class=\"grve-hover-style-1 grve-image-hover grve-zoom-none\">      <div class=\"grve-media\">        <div class=\"grve-hover-overlay grve-bg-light grve-opacity-90\"><\/div><img loading=\"lazy\" decoding=\"async\" width=\"600\" height=\"600\" src=\"https:\/\/neuromarketinglab.eu\/wp-content\/uploads\/2023\/01\/IMG_4485-600x600.jpg\" class=\"attachment-blade-grve-small-square size-blade-grve-small-square\" alt=\"\" srcset=\"https:\/\/neuromarketinglab.eu\/wp-content\/uploads\/2023\/01\/IMG_4485-600x600.jpg 600w, https:\/\/neuromarketinglab.eu\/wp-content\/uploads\/2023\/01\/IMG_4485-scaled-100x100.jpg 100w, https:\/\/neuromarketinglab.eu\/wp-content\/uploads\/2023\/01\/IMG_4485-150x150.jpg 150w, https:\/\/neuromarketinglab.eu\/wp-content\/uploads\/2023\/01\/IMG_4485-1120x1120.jpg 1120w\" sizes=\"auto, (max-width: 600px) 100vw, 600px\" \/>      <\/div>      <figcaption>        <div class=\"grve-gallery-content\">        <\/div>      <\/figcaption>    <\/figure><\/div>  <\/a><\/div><div class=\"grve-isotope-item grve-gallery-item \">  <a href=\"https:\/\/neuromarketinglab.eu\/wp-content\/uploads\/2023\/01\/IMG_4483-1920x1280.jpg\"><div class=\"grve-isotope-item-inner grve-zoomIn\">    <figure class=\"grve-hover-style-1 grve-image-hover grve-zoom-none\">      <div class=\"grve-media\">        <div class=\"grve-hover-overlay grve-bg-light grve-opacity-90\"><\/div><img loading=\"lazy\" decoding=\"async\" width=\"600\" height=\"600\" src=\"https:\/\/neuromarketinglab.eu\/wp-content\/uploads\/2023\/01\/IMG_4483-600x600.jpg\" class=\"attachment-blade-grve-small-square size-blade-grve-small-square\" alt=\"\" srcset=\"https:\/\/neuromarketinglab.eu\/wp-content\/uploads\/2023\/01\/IMG_4483-600x600.jpg 600w, https:\/\/neuromarketinglab.eu\/wp-content\/uploads\/2023\/01\/IMG_4483-scaled-100x100.jpg 100w, https:\/\/neuromarketinglab.eu\/wp-content\/uploads\/2023\/01\/IMG_4483-150x150.jpg 150w, https:\/\/neuromarketinglab.eu\/wp-content\/uploads\/2023\/01\/IMG_4483-1120x1120.jpg 1120w\" sizes=\"auto, (max-width: 600px) 100vw, 600px\" \/>      <\/div>      <figcaption>        <div class=\"grve-gallery-content\">        <\/div>      <\/figcaption>    <\/figure><\/div>  <\/a><\/div><div class=\"grve-isotope-item grve-gallery-item \">  <a href=\"https:\/\/neuromarketinglab.eu\/wp-content\/uploads\/2023\/01\/IMG_4481-1920x1280.jpg\"><div class=\"grve-isotope-item-inner grve-zoomIn\">    <figure class=\"grve-hover-style-1 grve-image-hover grve-zoom-none\">      <div class=\"grve-media\">        <div class=\"grve-hover-overlay grve-bg-light grve-opacity-90\"><\/div><img loading=\"lazy\" decoding=\"async\" width=\"600\" height=\"600\" src=\"https:\/\/neuromarketinglab.eu\/wp-content\/uploads\/2023\/01\/IMG_4481-600x600.jpg\" class=\"attachment-blade-grve-small-square size-blade-grve-small-square\" alt=\"\" srcset=\"https:\/\/neuromarketinglab.eu\/wp-content\/uploads\/2023\/01\/IMG_4481-600x600.jpg 600w, https:\/\/neuromarketinglab.eu\/wp-content\/uploads\/2023\/01\/IMG_4481-scaled-100x100.jpg 100w, https:\/\/neuromarketinglab.eu\/wp-content\/uploads\/2023\/01\/IMG_4481-150x150.jpg 150w, https:\/\/neuromarketinglab.eu\/wp-content\/uploads\/2023\/01\/IMG_4481-1120x1120.jpg 1120w\" sizes=\"auto, (max-width: 600px) 100vw, 600px\" \/>      <\/div>      <figcaption>        <div class=\"grve-gallery-content\">        <\/div>      <\/figcaption>    <\/figure><\/div>  <\/a><\/div><div class=\"grve-isotope-item grve-gallery-item \">  <a href=\"https:\/\/neuromarketinglab.eu\/wp-content\/uploads\/2023\/01\/IMG_4476-1920x1280.jpg\"><div class=\"grve-isotope-item-inner grve-zoomIn\">    <figure class=\"grve-hover-style-1 grve-image-hover grve-zoom-none\">      <div class=\"grve-media\">        <div class=\"grve-hover-overlay grve-bg-light grve-opacity-90\"><\/div><img loading=\"lazy\" decoding=\"async\" width=\"600\" height=\"600\" src=\"https:\/\/neuromarketinglab.eu\/wp-content\/uploads\/2023\/01\/IMG_4476-600x600.jpg\" class=\"attachment-blade-grve-small-square size-blade-grve-small-square\" alt=\"\" srcset=\"https:\/\/neuromarketinglab.eu\/wp-content\/uploads\/2023\/01\/IMG_4476-600x600.jpg 600w, https:\/\/neuromarketinglab.eu\/wp-content\/uploads\/2023\/01\/IMG_4476-scaled-100x100.jpg 100w, https:\/\/neuromarketinglab.eu\/wp-content\/uploads\/2023\/01\/IMG_4476-150x150.jpg 150w, https:\/\/neuromarketinglab.eu\/wp-content\/uploads\/2023\/01\/IMG_4476-1120x1120.jpg 1120w\" sizes=\"auto, (max-width: 600px) 100vw, 600px\" \/>      <\/div>      <figcaption>        <div class=\"grve-gallery-content\">        <\/div>      <\/figcaption>    <\/figure><\/div>  <\/a><\/div><div class=\"grve-isotope-item grve-gallery-item \">  <a href=\"https:\/\/neuromarketinglab.eu\/wp-content\/uploads\/2023\/01\/IMG_4473-1920x1280.jpg\"><div class=\"grve-isotope-item-inner grve-zoomIn\">    <figure class=\"grve-hover-style-1 grve-image-hover grve-zoom-none\">      <div class=\"grve-media\">        <div class=\"grve-hover-overlay grve-bg-light grve-opacity-90\"><\/div><img loading=\"lazy\" decoding=\"async\" width=\"600\" height=\"600\" src=\"https:\/\/neuromarketinglab.eu\/wp-content\/uploads\/2023\/01\/IMG_4473-600x600.jpg\" class=\"attachment-blade-grve-small-square size-blade-grve-small-square\" alt=\"\" srcset=\"https:\/\/neuromarketinglab.eu\/wp-content\/uploads\/2023\/01\/IMG_4473-600x600.jpg 600w, https:\/\/neuromarketinglab.eu\/wp-content\/uploads\/2023\/01\/IMG_4473-scaled-100x100.jpg 100w, https:\/\/neuromarketinglab.eu\/wp-content\/uploads\/2023\/01\/IMG_4473-150x150.jpg 150w, https:\/\/neuromarketinglab.eu\/wp-content\/uploads\/2023\/01\/IMG_4473-1120x1120.jpg 1120w\" sizes=\"auto, (max-width: 600px) 100vw, 600px\" \/>      <\/div>      <figcaption>        <div class=\"grve-gallery-content\">        <\/div>      <\/figcaption>    <\/figure><\/div>  <\/a><\/div><div class=\"grve-isotope-item grve-gallery-item \">  <a href=\"https:\/\/neuromarketinglab.eu\/wp-content\/uploads\/2023\/01\/IMG_4468-1920x1280.jpg\"><div class=\"grve-isotope-item-inner grve-zoomIn\">    <figure class=\"grve-hover-style-1 grve-image-hover grve-zoom-none\">      <div class=\"grve-media\">        <div class=\"grve-hover-overlay grve-bg-light grve-opacity-90\"><\/div><img loading=\"lazy\" decoding=\"async\" width=\"600\" height=\"600\" src=\"https:\/\/neuromarketinglab.eu\/wp-content\/uploads\/2023\/01\/IMG_4468-600x600.jpg\" class=\"attachment-blade-grve-small-square size-blade-grve-small-square\" alt=\"\" srcset=\"https:\/\/neuromarketinglab.eu\/wp-content\/uploads\/2023\/01\/IMG_4468-600x600.jpg 600w, https:\/\/neuromarketinglab.eu\/wp-content\/uploads\/2023\/01\/IMG_4468-scaled-100x100.jpg 100w, https:\/\/neuromarketinglab.eu\/wp-content\/uploads\/2023\/01\/IMG_4468-150x150.jpg 150w, https:\/\/neuromarketinglab.eu\/wp-content\/uploads\/2023\/01\/IMG_4468-1120x1120.jpg 1120w\" sizes=\"auto, (max-width: 600px) 100vw, 600px\" \/>      <\/div>      <figcaption>        <div class=\"grve-gallery-content\">        <\/div>      <\/figcaption>    <\/figure><\/div>  <\/a><\/div><div class=\"grve-isotope-item grve-gallery-item \">  <a href=\"https:\/\/neuromarketinglab.eu\/wp-content\/uploads\/2023\/01\/IMG_4456-1920x1280.jpg\"><div class=\"grve-isotope-item-inner grve-zoomIn\">    <figure class=\"grve-hover-style-1 grve-image-hover grve-zoom-none\">      <div class=\"grve-media\">        <div class=\"grve-hover-overlay grve-bg-light grve-opacity-90\"><\/div><img loading=\"lazy\" decoding=\"async\" width=\"600\" height=\"600\" src=\"https:\/\/neuromarketinglab.eu\/wp-content\/uploads\/2023\/01\/IMG_4456-600x600.jpg\" class=\"attachment-blade-grve-small-square size-blade-grve-small-square\" alt=\"\" srcset=\"https:\/\/neuromarketinglab.eu\/wp-content\/uploads\/2023\/01\/IMG_4456-600x600.jpg 600w, https:\/\/neuromarketinglab.eu\/wp-content\/uploads\/2023\/01\/IMG_4456-scaled-100x100.jpg 100w, https:\/\/neuromarketinglab.eu\/wp-content\/uploads\/2023\/01\/IMG_4456-150x150.jpg 150w, https:\/\/neuromarketinglab.eu\/wp-content\/uploads\/2023\/01\/IMG_4456-1120x1120.jpg 1120w\" sizes=\"auto, (max-width: 600px) 100vw, 600px\" \/>      <\/div>      <figcaption>        <div class=\"grve-gallery-content\">        <\/div>      <\/figcaption>    <\/figure><\/div>  <\/a><\/div><div class=\"grve-isotope-item grve-gallery-item \">  <a href=\"https:\/\/neuromarketinglab.eu\/wp-content\/uploads\/2023\/01\/IMG_4452-1920x1280.jpg\"><div class=\"grve-isotope-item-inner grve-zoomIn\">    <figure class=\"grve-hover-style-1 grve-image-hover grve-zoom-none\">      <div class=\"grve-media\">        <div class=\"grve-hover-overlay grve-bg-light grve-opacity-90\"><\/div><img loading=\"lazy\" decoding=\"async\" width=\"600\" height=\"600\" src=\"https:\/\/neuromarketinglab.eu\/wp-content\/uploads\/2023\/01\/IMG_4452-600x600.jpg\" class=\"attachment-blade-grve-small-square size-blade-grve-small-square\" alt=\"\" srcset=\"https:\/\/neuromarketinglab.eu\/wp-content\/uploads\/2023\/01\/IMG_4452-600x600.jpg 600w, https:\/\/neuromarketinglab.eu\/wp-content\/uploads\/2023\/01\/IMG_4452-scaled-100x100.jpg 100w, https:\/\/neuromarketinglab.eu\/wp-content\/uploads\/2023\/01\/IMG_4452-150x150.jpg 150w, https:\/\/neuromarketinglab.eu\/wp-content\/uploads\/2023\/01\/IMG_4452-1120x1120.jpg 1120w\" sizes=\"auto, (max-width: 600px) 100vw, 600px\" \/>      <\/div>      <figcaption>        <div class=\"grve-gallery-content\">        <\/div>      <\/figcaption>    <\/figure><\/div>  <\/a><\/div>  <\/div><\/div>[\/vc_column][\/vc_row]<\/p>\n","protected":false},"excerpt":{"rendered":"<p>[vc_row][vc_column][vc_column_text]Laborat\u00f3rium je vybaven\u00e9 integrovan\u00fdm syst\u00e9mom na presn\u00e9 riadenie a nastavenie faktorov prostredia, ako je osvetlenie, zvuk, aromatiz\u00e1cia a kvalita vzduchu, ktor\u00fd obsahuje: 40 kontroln\u00fdch svetiel, 25 senzorov, 13 kamier, 10 vzduchov\u00fdch ventilov, 6 vzduchov\u00fdch motorov, 6 reproduktorov, 5 mikrof\u00f3nov, 3 posuvn\u00e9 rampy, syst\u00e9m mie\u0161ania ar\u00f3my. [\/vc_column_text][\/vc_column][\/vc_row][vc_row][vc_column][\/vc_column][\/vc_row]<\/p>\n","protected":false},"author":1,"featured_media":0,"parent":6967,"menu_order":0,"comment_status":"closed","ping_status":"closed","template":"","meta":{"footnotes":""},"class_list":["post-6973","page","type-page","status-publish","hentry"],"yoast_head":"<!-- This site is optimized with the Yoast SEO plugin v24.9 - https:\/\/yoast.com\/wordpress\/plugins\/seo\/ -->\n<title>Priestorov\u00e9 vybavenie - NeuromarketingLab<\/title>\n<meta name=\"robots\" content=\"noindex, follow, max-snippet:-1, max-image-preview:large, max-video-preview:-1\" \/>\n<meta property=\"og:locale\" content=\"en_GB\" \/>\n<meta property=\"og:type\" content=\"article\" \/>\n<meta property=\"og:title\" content=\"Priestorov\u00e9 vybavenie - NeuromarketingLab\" \/>\n<meta property=\"og:description\" content=\"[vc_row][vc_column][vc_column_text]Laborat\u00f3rium je vybaven\u00e9 integrovan\u00fdm syst\u00e9mom na presn\u00e9 riadenie a nastavenie faktorov prostredia, ako je osvetlenie, zvuk, aromatiz\u00e1cia a kvalita vzduchu, ktor\u00fd obsahuje: 40 kontroln\u00fdch svetiel, 25 senzorov, 13 kamier, 10 vzduchov\u00fdch ventilov, 6 vzduchov\u00fdch motorov, 6 reproduktorov, 5 mikrof\u00f3nov, 3 posuvn\u00e9 rampy, syst\u00e9m mie\u0161ania ar\u00f3my. [\/vc_column_text][\/vc_column][\/vc_row][vc_row][vc_column][\/vc_column][\/vc_row]\" \/>\n<meta property=\"og:url\" content=\"https:\/\/neuromarketinglab.eu\/?page_id=6973&amp;lang=sk\" \/>\n<meta property=\"og:site_name\" content=\"NeuromarketingLab\" \/>\n<meta name=\"twitter:card\" content=\"summary_large_image\" \/>\n<script type=\"application\/ld+json\" class=\"yoast-schema-graph\">{\"@context\":\"https:\/\/schema.org\",\"@graph\":[{\"@type\":\"WebPage\",\"@id\":\"https:\/\/neuromarketinglab.eu\/?page_id=6973&lang=sk\",\"url\":\"https:\/\/neuromarketinglab.eu\/?page_id=6973&lang=sk\",\"name\":\"Priestorov\u00e9 vybavenie - NeuromarketingLab\",\"isPartOf\":{\"@id\":\"https:\/\/neuromarketinglab.eu\/#website\"},\"datePublished\":\"2023-01-07T11:13:16+00:00\",\"breadcrumb\":{\"@id\":\"https:\/\/neuromarketinglab.eu\/?page_id=6973&lang=sk#breadcrumb\"},\"inLanguage\":\"en-GB\",\"potentialAction\":[{\"@type\":\"ReadAction\",\"target\":[\"https:\/\/neuromarketinglab.eu\/?page_id=6973&lang=sk\"]}]},{\"@type\":\"BreadcrumbList\",\"@id\":\"https:\/\/neuromarketinglab.eu\/?page_id=6973&lang=sk#breadcrumb\",\"itemListElement\":[{\"@type\":\"ListItem\",\"position\":1,\"name\":\"Home\",\"item\":\"https:\/\/neuromarketinglab.eu\/\"},{\"@type\":\"ListItem\",\"position\":2,\"name\":\"O laborat\u00f3riu\",\"item\":\"http:\/\/neuromarketinglab.eu\/?page_id=6967&lang=sk\"},{\"@type\":\"ListItem\",\"position\":3,\"name\":\"Priestorov\u00e9 vybavenie\"}]},{\"@type\":\"WebSite\",\"@id\":\"https:\/\/neuromarketinglab.eu\/#website\",\"url\":\"https:\/\/neuromarketinglab.eu\/\",\"name\":\"NeuromarketingLab\",\"description\":\"\",\"publisher\":{\"@id\":\"https:\/\/neuromarketinglab.eu\/#organization\"},\"potentialAction\":[{\"@type\":\"SearchAction\",\"target\":{\"@type\":\"EntryPoint\",\"urlTemplate\":\"https:\/\/neuromarketinglab.eu\/?s={search_term_string}\"},\"query-input\":{\"@type\":\"PropertyValueSpecification\",\"valueRequired\":true,\"valueName\":\"search_term_string\"}}],\"inLanguage\":\"en-GB\"},{\"@type\":\"Organization\",\"@id\":\"https:\/\/neuromarketinglab.eu\/#organization\",\"name\":\"NeuromarketingLab\",\"url\":\"https:\/\/neuromarketinglab.eu\/\",\"logo\":{\"@type\":\"ImageObject\",\"inLanguage\":\"en-GB\",\"@id\":\"https:\/\/neuromarketinglab.eu\/#\/schema\/logo\/image\/\",\"url\":\"\",\"contentUrl\":\"\",\"caption\":\"NeuromarketingLab\"},\"image\":{\"@id\":\"https:\/\/neuromarketinglab.eu\/#\/schema\/logo\/image\/\"}}]}<\/script>\n<!-- \/ Yoast SEO plugin. -->","yoast_head_json":{"title":"Priestorov\u00e9 vybavenie - NeuromarketingLab","robots":{"index":"noindex","follow":"follow","max-snippet":"max-snippet:-1","max-image-preview":"max-image-preview:large","max-video-preview":"max-video-preview:-1"},"og_locale":"en_GB","og_type":"article","og_title":"Priestorov\u00e9 vybavenie - NeuromarketingLab","og_description":"[vc_row][vc_column][vc_column_text]Laborat\u00f3rium je vybaven\u00e9 integrovan\u00fdm syst\u00e9mom na presn\u00e9 riadenie a nastavenie faktorov prostredia, ako je osvetlenie, zvuk, aromatiz\u00e1cia a kvalita vzduchu, ktor\u00fd obsahuje: 40 kontroln\u00fdch svetiel, 25 senzorov, 13 kamier, 10 vzduchov\u00fdch ventilov, 6 vzduchov\u00fdch motorov, 6 reproduktorov, 5 mikrof\u00f3nov, 3 posuvn\u00e9 rampy, syst\u00e9m mie\u0161ania ar\u00f3my. [\/vc_column_text][\/vc_column][\/vc_row][vc_row][vc_column][\/vc_column][\/vc_row]","og_url":"https:\/\/neuromarketinglab.eu\/?page_id=6973&lang=sk","og_site_name":"NeuromarketingLab","twitter_card":"summary_large_image","schema":{"@context":"https:\/\/schema.org","@graph":[{"@type":"WebPage","@id":"https:\/\/neuromarketinglab.eu\/?page_id=6973&lang=sk","url":"https:\/\/neuromarketinglab.eu\/?page_id=6973&lang=sk","name":"Priestorov\u00e9 vybavenie - NeuromarketingLab","isPartOf":{"@id":"https:\/\/neuromarketinglab.eu\/#website"},"datePublished":"2023-01-07T11:13:16+00:00","breadcrumb":{"@id":"https:\/\/neuromarketinglab.eu\/?page_id=6973&lang=sk#breadcrumb"},"inLanguage":"en-GB","potentialAction":[{"@type":"ReadAction","target":["https:\/\/neuromarketinglab.eu\/?page_id=6973&lang=sk"]}]},{"@type":"BreadcrumbList","@id":"https:\/\/neuromarketinglab.eu\/?page_id=6973&lang=sk#breadcrumb","itemListElement":[{"@type":"ListItem","position":1,"name":"Home","item":"https:\/\/neuromarketinglab.eu\/"},{"@type":"ListItem","position":2,"name":"O laborat\u00f3riu","item":"http:\/\/neuromarketinglab.eu\/?page_id=6967&lang=sk"},{"@type":"ListItem","position":3,"name":"Priestorov\u00e9 vybavenie"}]},{"@type":"WebSite","@id":"https:\/\/neuromarketinglab.eu\/#website","url":"https:\/\/neuromarketinglab.eu\/","name":"NeuromarketingLab","description":"","publisher":{"@id":"https:\/\/neuromarketinglab.eu\/#organization"},"potentialAction":[{"@type":"SearchAction","target":{"@type":"EntryPoint","urlTemplate":"https:\/\/neuromarketinglab.eu\/?s={search_term_string}"},"query-input":{"@type":"PropertyValueSpecification","valueRequired":true,"valueName":"search_term_string"}}],"inLanguage":"en-GB"},{"@type":"Organization","@id":"https:\/\/neuromarketinglab.eu\/#organization","name":"NeuromarketingLab","url":"https:\/\/neuromarketinglab.eu\/","logo":{"@type":"ImageObject","inLanguage":"en-GB","@id":"https:\/\/neuromarketinglab.eu\/#\/schema\/logo\/image\/","url":"","contentUrl":"","caption":"NeuromarketingLab"},"image":{"@id":"https:\/\/neuromarketinglab.eu\/#\/schema\/logo\/image\/"}}]}},"_links":{"self":[{"href":"https:\/\/neuromarketinglab.eu\/index.php?rest_route=\/wp\/v2\/pages\/6973","targetHints":{"allow":["GET"]}}],"collection":[{"href":"https:\/\/neuromarketinglab.eu\/index.php?rest_route=\/wp\/v2\/pages"}],"about":[{"href":"https:\/\/neuromarketinglab.eu\/index.php?rest_route=\/wp\/v2\/types\/page"}],"author":[{"embeddable":true,"href":"https:\/\/neuromarketinglab.eu\/index.php?rest_route=\/wp\/v2\/users\/1"}],"replies":[{"embeddable":true,"href":"https:\/\/neuromarketinglab.eu\/index.php?rest_route=%2Fwp%2Fv2%2Fcomments&post=6973"}],"version-history":[{"count":1,"href":"https:\/\/neuromarketinglab.eu\/index.php?rest_route=\/wp\/v2\/pages\/6973\/revisions"}],"predecessor-version":[{"id":6974,"href":"https:\/\/neuromarketinglab.eu\/index.php?rest_route=\/wp\/v2\/pages\/6973\/revisions\/6974"}],"up":[{"embeddable":true,"href":"https:\/\/neuromarketinglab.eu\/index.php?rest_route=\/wp\/v2\/pages\/6967"}],"wp:attachment":[{"href":"https:\/\/neuromarketinglab.eu\/index.php?rest_route=%2Fwp%2Fv2%2Fmedia&parent=6973"}],"curies":[{"name":"wp","href":"https:\/\/api.w.org\/{rel}","templated":true}]}}